e -d = -x - x + 6, 4*d = -x + 3. Suppose 4*o = -a - a + 12, -x*a + 2*o + 10 = 0. Suppose a*p - 63 = 29. What is the units digit of p?
3
Let t = -82 - -87. Suppose t*w = 9 + 171. What is the units digit of w?
6
Let g(b) = 22*b + 6. Let s be g(9). Suppose -l + 125 = 3*k + l, 5*k - l = s. Suppose 3*h = 4*i + 9, -i = 5*h + i - k. What is the units digit of h?
7
Suppose -16 = -h - 3*t, -3*t + 7 = 2*h - 13. What is the units digit of h/8*(1*116 + -2)?
7
Let x = -2677 - -7599. What is the tens digit of x?
2
Let f = 83 + 976. What is the hundreds digit of f?
0
Suppose -w - w + 2 = 0, -3*w = 4*o - 19. Suppose 56 = 4*f + o*u, -33 = -2*f + 4*u - u. What is the units digit of f?
5
Let n be (-21)/(-12) - 3/(-12). Suppose 6 - 2 = n*o. Suppose q + 2*f + f + 2 = 0, -f - o = 0. What is the units digit of q?
4
Suppose -177*z + 178*z = 842. What is the tens digit of z?
4
What is the tens digit of 15/6*(-271616)/(-160)?
4
Let y = 10 - -10. Let s be (-2)/(-3) - y/(-15). Suppose -5*n - h + s*h + 115 = 0, -3*h = 5*n - 135. What is the units digit of n?
4
Let g = 36 + -26. Let a(r) = -r**3 + 9*r**2 + 12*r + 7. What is the tens digit of a(g)?
2
Suppose -4*i - 5*y + 3*y + 10 = 0, -2 = -2*i - 2*y. What is the hundreds digit of 4*(258/i + 4)?
2
Let k(r) = -2*r + 89. Let v be k(27). Let i(d) = d**3 + 5*d**2 - 2*d - 6. Let y be i(-5). What is the units digit of v/49 - y/(-14)?
1
Let y = 18 + -36. What is the units digit of (177/y)/(1/(-6))?
9
Suppose -6*i = -2*i. Let c(l) be the third derivative of -l**5/60 - l**4/24 + 13*l**3/2 - 61*l**2. What is the units digit of c(i)?
9
Let a(h) be the third derivative of -h**6/120 - h**5/12 - h**4/6 - 3*h**3/2 - 14*h**2. What is the units digit of a(-6)?
1
Let n be (26/(-3))/(13/195). Let z = n - -231. Suppose 2*b + 41 = z. What is the units digit of b?
0
What is the units digit of ((-39339)/(-94))/((-2)/(-4))?
7
Suppose -6*i + i - 2*b + 1123 = 0, -4*b + 896 = 4*i. Suppose -4*u + i = -51. What is the tens digit of u?
6
Let l be 2649*6/63 + 2/(-7). Suppose -2*a = -4*a + l. What is the units digit of a?
6
Let y(q) = 0 - q**2 + q**2 - 2*q + 4*q**2 + 3. What is the tens digit of y(-3)?
4
Suppose 5*p + 75 = 5*k, -2*k = -k - 4*p. Let l = k + -9. What is the units digit of l?
1
What is the hundreds digit of (-2)/10 - (431552/(-110) + -1)?
9
Let m = 4 - 1. Let u = m + 2. Suppose 2*j + 0*j = 8, -4*j = u*f - 21. What is the units digit of f?
1
Let i(f) = 4*f**2 + 5*f + 7. Let g(k) = -k**3 + 5*k**2 - 3*k - 9. Let z be g(4). What is the units digit of i(z)?
2
Let m(y) = -y**2 + 11*y - 11. Let h be m(10). Let q(l) = 1 - 327*l**2 - 6*l**3 + 2*l + 327*l**2. What is the units digit of q(h)?
5
Let g = -457 + 2433. What is the tens digit of g?
7
Let b = 949 - 149. What is the units digit of b?
0
Let q(s) = s**3 - 16*s**2 - 12*s - 16. What is the hundreds digit of q(22)?
6
Let u = 64 + 128. Suppose 3*w - 402 = -4*g, 0 = -2*g - 4*w + 4 + u. What is the units digit of g?
2
Suppose -3*a - q = -0*a - 5, 0 = -5*a + 5*q + 35. Suppose 563 - a = 5*v. What is the units digit of v?
2
Let d(w) = 5*w + 2440. What is the hundreds digit of d(0)?
4
Let c(s) = -s**3 - 12*s**2 - 2*s + 14. Let w be c(-12). What is the units digit of (1 + w/(-4))/(1/(-2))?
7
Let d = -2237 + 3224. What is the units digit of d?
7
Let u = 25 + -22. Let l(j) = j**3 - 17*j**2 - 16 - 19*j - u*j**3 + j**3 - 5. What is the units digit of l(-16)?
7
Let l(t) = t**2 - 3*t + 2. Let j be l(3). Suppose j*q + 99 = 5*q. Let x = q + -20. What is the tens digit of x?
1
Let y = 2395 + -1409. What is the hundreds digit of y?
9
Suppose 4*h - 2*a - 14256 = 0, -a - 21932 = -4*h - 7672. What is the tens digit of h?
6
Let d(h) = h**2 + h**2 + 13*h - 5*h. What is the units digit of d(-7)?
2
What is the tens digit of 352 - (-4)/(-8)*-6?
5
Let b = -1 + -35. Let i = 73 + b. What is the tens digit of i?
3
Suppose -25 = 4*b - b + o, 0 = 2*b - 3*o + 13. What is the hundreds digit of (0 + 2 + 0)*(-436)/b?
1
Suppose 38*s - 216 = 34*s. What is the units digit of s?
4
Let a(k) = -2*k - 2. Let z be a(-2). Let s = 62 - z. What is the units digit of s?
0
Let k be (-1)/4*(-252 - -8). What is the units digit of 6 + -5 + k/1?
2
Suppose 0 = b - 3*b + 10. Let h be (b - -33) + 1/(-1). Suppose -15 + h = c. What is the tens digit of c?
2
Suppose -7*v + 56 = -0*v. Suppose v*h - 445 = 3*h. What is the tens digit of h?
8
Let m be ((-2)/4)/(3/(-30)). Let o(a) = -19*a + 81. Let b be o(4). Suppose -131 = -b*j + 3*q, 3*j - 59 = m*q + 26. What is the units digit of j?
5
Let w = -58 - -152. Let l = w + -51. What is the units digit of l?
3
What is the units digit of 2799/(-135)*-5 + (-4)/6?
3
Suppose 30 - 2 = 4*x. Let o(f) = 5*f + 21. What is the tens digit of o(x)?
5
Suppose -2*v = -4*r + 2, 2*r + 6 = -4*v + 2. What is the tens digit of (3 + 46 - r)*1?
4
Let a(m) = m**2 + 4*m - 10. Let x = 8 + -16. What is the units digit of a(x)?
2
Let i(a) = a**3 - 17*a**2 + 15*a + 20. Let l be i(16). Suppose -3*n = -2*y + 6*y + 169, -n - 163 = l*y. Let q = -5 - y. What is the units digit of q?
5
Suppose 3*k - 1311 = -5*g + 5*k, -2*g = 4*k - 534. What is the tens digit of g?
6
Let w be ((-516)/(-9))/2*9. Suppose 0 = -2*y - 6 + w. What is the tens digit of y?
2
Let u(m) = m**3 - 8*m**2 + 7*m + 2. Let c be u(7). Let h be (c/4)/(5/100). Suppose 2*x - 2*r = 28, 0 = -x - 4*r + r + h. What is the units digit of x?
3
Suppose -4*x - j = -21961, -3*x + j = -4*j - 16488. What is the hundreds digit of x?
4
Let p be 18/(-4)*(-4)/6. Let k = 3 - p. Suppose -l + k*l = -28. What is the units digit of l?
8
Suppose 3*f = f + 2*l + 2, 5*f - 21 = -3*l. Suppose v = -f*v + 32. Suppose -12*z + 8 = -v*z. What is the units digit of z?
2
What is the hundreds digit of (2 - (-10946)/9) + 10/(-45)?
2
Suppose 15 = 5*z, 5*x - 2*x + 2*z = 2520. What is the tens digit of x?
3
Let x(l) = l**3 + 9*l**2 - 11*l + 13. Let k be x(-11). Let o = -26 - k. What is the units digit of o?
2
Let o = -18 - -20. Suppose 0 = 3*b - 5*k - 72, -o*k - 3 = -3*k. What is the units digit of b?
9
Suppose -5*j = -10*j + 4*l - 155, j + 22 = -l. Let m = 75 + -109. Let q = j - m. What is the units digit of q?
7
Suppose 6*j = 7*j - 19. Let k = 19 - j. Suppose k*p + 76 = p. What is the units digit of p?
6
Let w(q) = 3*q - 25. Let k be w(11). Suppose -312 = k*h - 12*h. What is the units digit of h?
8
Suppose -4*v - 958 = -0*v + 2*c, -c = -4*v - 967. Let r = -167 - v. What is the units digit of r?
4
Suppose -5*o + 236 = 1081. Let s = -89 - o. What is the tens digit of s?
8
Suppose 2*w - 22 = 2. Let i = w - 9. What is the units digit of 13/i + (-2)/6?
4
Let l(a) = -a**3 - 10*a**2 + 5*a - 11. Let u(g) = 6*g**3 + 51*g**2 - 26*g + 54. Let p(i) = 11*l(i) + 2*u(i). What is the units digit of p(9)?
5
Let u(l) = -3*l**2 + 6*l + 2. Let n(m) = -m**2 + 1. Let v(d) = -6*n(d) + u(d). Let t(h) = h + 1. Let i be t(-5). What is the units digit of v(i)?
0
Let u(b) = -4*b**3 - 6*b**2 - 10*b - 12. What is the tens digit of u(-5)?
8
Suppose 0*z = 3*c - 5*z + 54, 2*z = -5*c - 59. Let y = 37 - c. What is the units digit of y?
0
Suppose -47*c - 3441 = -3*v - 45*c, 5*v - 5735 = 3*c. What is the units digit of v?
7
Let h = 455 + -279. Let z = h + 84. What is the hundreds digit of z?
2
Suppose -2*c = -4 + 14. Let l(p) = -12*p - 6. What is the tens digit of l(c)?
5
Let v be 10094/(-70) + ((-4)/5 - -1). Let a = 261 + v. What is the units digit of a?
7
Suppose 0 = -b - 3*a + 95, -5*b = 5*a - 217 - 238. Suppose -b = -2*z + 49. What is the tens digit of z?
6
Let u = 3646 - 2173. What is the hundreds digit of u?
4
Let f = -662 + 669. What is the units digit of f?
7
Let r be (-4 - -11) + -1 + -2. Suppose 2*q - 199 = -3*z, -r*q = -8*q - 4. Let g = z + -46. What is the tens digit of g?
2
Let m = 109 + 879. What is the units digit of m?
8
Let w(u) = -120*u**3 - 3*u**2 - 9*u + 13. What is the tens digit of w(-3)?
5
Let r = -10 - -9. Let q be 4 + r + (-1 - -56). Suppose -7 = -4*d - 19, -q = -5*t + d. What is the units digit of t?
1
Let h(n) = -n**3 + 11*n**2 - 10*n + 1. Let p be h(10). Let g(q) = 44*q**2 + 1. What is the tens digit of g(p)?
4
Suppose 3*n + 70 + 26 = 0. Let g be 45/30*n/(-6). Let v(x) = x**2 - 3*x - 7. What is the units digit of v(g)?
3
Suppose -r = -3*b - 34, 5*b + 4*r - 3*r = -62. Let g = b + 14. Suppose -a - 4 = 0, -2*a = g*s - 24 - 62.